y + 2*t - 22 = y. Let d be (-3 - (-7 + 10))*(0 + -1). What is the highest common factor of y and d?
3
Suppose -50 = 4*o - 2*o. Let f be (-485)/o - ((-4)/(-10) - 0). What is the highest common factor of 76 and f?
19
Let a be 2 + 2 - (-34 + 1 + -3). Calculate the highest common divisor of a and 60.
20
Suppose 0*x + x - 4 = 0. Let u be (-3)/(x - 1) - -35. Let v = u - 22. What is the highest common divisor of 12 and v?
12
Suppose 0*n = -4*n, 5*w - n - 225 = 0. What is the greatest common factor of w and 585?
45
Let i be 6/57 + 600/76. Suppose 2*g + 149 = 5*s, i*s = 6*s + 5*g + 68. What is the greatest common divisor of 174 and s?
29
Let n = 24 - 25. Let l(o) = 29*o + 2. Let s be l(n). Let m = s + 63. What is the highest common divisor of 9 and m?
9
Let y(l) = -3*l + 19. Suppose 3*m + 2*j = 3*j - 30, 4*j = -m - 10. Let c be y(m). Calculate the greatest common divisor of c and 7.
7
Let p(q) = q**2 + 5*q - 34. Let c be p(4). What is the highest common factor of c and 99?
1
Suppose 0 = -2*h - x + 89, -2*h - 4*x = x - 109. Let j be ((-7)/2)/((-4)/(-8)). Let b be (j - 1)/(-1) + -2. Calculate the greatest common factor of b and h.
6
Let q be (-1064)/336 + (-1)/(-6) - -9. What is the highest common divisor of q and 732?
6
Let z(m) = 2*m**2 - 5. Let j be z(-4). Let r = j - 25. Suppose -37 - 1 = -r*q. What is the greatest common factor of q and 133?
19
Let d = -118 - -170. What is the highest common divisor of d and 156?
52
Let y = -13 + 24. Let z(i) be the second derivative of i**3/6 + 9*i**2/2 + 33*i - 2. Let j be z(y). Calculate the greatest common divisor of 20 and j.
20
Let p(s) = -6*s + 20. Let x be p(-8). Suppose -4*t - 2*r = -0*r - x, 80 = 4*t - 4*r. What is the highest common factor of t and 36?
18
Let c(s) = s**3 - 33*s**2 - 107*s - 26. Let f be c(36). What is the highest common divisor of f and 190?
10
Let v(y) = 3*y + 15. Let b(w) = -3*w - 14. Let m(l) = 7*b(l) + 6*v(l). Let z be m(-6). Calculate the greatest common divisor of 15 and z.
5
Suppose -46 = -4*n + 74. Let w = -7 - -13. Suppose m = 3*j - 63 + w, 2*m + 34 = 2*j. Calculate the highest common factor of j and n.
10
Let c = 105 - 100. What is the greatest common factor of 40 and c?
5
Let y(x) = -3*x - 33. Let v be y(-14). Calculate the greatest common factor of v and 225.
9
Suppose 8*w - 766 = 434. What is the greatest common divisor of w and 330?
30
Suppose 6*u - 3*u = 300. Suppose -2*d = -a - u, 5*a + 33 = -5*d + 283. What is the greatest common divisor of 10 and d?
10
Let u = 896 + -448. What is the highest common divisor of u and 56?
56
Let c(o) = 7 - 7 - 10 + 10*o - 17. Let v be c(6). Calculate the greatest common factor of 22 and v.
11
Let w = -6 - -13. Let h be 1*w - (-5)/(-5). Calculate the highest common factor of h and 24.
6
Let n(g) = 16*g**2 - 27*g - 36. Let j be n(7). Calculate the highest common factor of j and 344.
43
Let l = 39 + -7. Calculate the highest common divisor of l and 216.
8
Let g = -26 + 47. Suppose 2*b = -b + g. Let u(n) = 2*n**2 - 8*n + 6. Let d be u(b). Calculate the highest common factor of 6 and d.
6
Let g(l) = -35*l**2 - l - 1. Let j be g(-1). Let h = j + 61. Suppose 96 + 8 = 4*y. What is the greatest common factor of y and h?
26
Let l be ((-6)/(-4))/((-6)/(-4)). Let k(x) = 55*x**3 - x. Let z be k(l). Let m = z + -30. Calculate the greatest common factor of 6 and m.
6
Let x be 2*(1980/72 + -3 + -1). What is the highest common factor of x and 611?
47
Let a(p) = -p**3 - 14*p**2 - 20*p - 86. Let i be a(-13). Calculate the greatest common divisor of i and 440.
5
Let d = -60 + 109. Suppose -14 = v - d. Calculate the greatest common factor of 5 and v.
5
Let c = 728 + -65. Calculate the greatest common factor of 78 and c.
39
Suppose 0 = 2*a - 56 - 384. Let c = 3 + 1. Suppose 0 = -2*p + c*p - 40. Calculate the greatest common factor of a and p.
20
Let r(u) = 22*u - 200. Let x be r(10). Suppose g - 420 = -2*g. What is the greatest common divisor of g and x?
20
Let u(b) = -85*b - 123. Let y be u(-9). Calculate the highest common factor of 6 and y.
6
Let n = 90 + -90. Suppose -4*q + 20 = n, -55 = b + 3*q - 190. What is the greatest common divisor of 48 and b?
24
Let x(g) = 21*g**2 + 18*g - 30. Let v be x(-5). What is the greatest common divisor of 10 and v?
5
Let j be (-5 - (-72)/3) + -5. What is the greatest common factor of j and 686?
14
Let t = 279 + -265. Let z = 28 - 14. What is the highest common divisor of t and z?
14
Let r(g) = -3*g + 12. Let q be r(6). Let s be (q/9)/((-1)/48). Let a = 45 - s. What is the greatest common factor of a and 65?
13
Let h be (3*(-1 - 6))/((-2)/6). Calculate the highest common divisor of 18 and h.
9
Suppose 728 + 588 = 14*o. What is the highest common divisor of o and 141?
47
Let o be (25 + -2 + -1)/1. Suppose 0 = g - 2, -2*m - 7*g + o = -3*g. Suppose 817*v - 805*v = 168. Calculate the greatest common divisor of m and v.
7
Suppose 3*h + 3*h = 12. Suppose 2*n + h*t - 267 = -3*t, -2*n + 3*t = -227. What is the greatest common factor of n and 11?
11
Let g be (-380)/(-24) + 2/12. Let l(j) = 5*j**3 + 2*j**2 - j + 2. Let r be l(2). Let u = -8 + r. What is the greatest common factor of g and u?
8
Suppose v - 390 = -5*f, 226 = 5*v - 5*f - 1664. What is the highest common divisor of v and 152?
76
Suppose 2*v = v + 2. Let n = 48 + -37. Suppose -5 = 3*r - n. What is the greatest common divisor of v and r?
2
Let w be (125/(-4))/(5/(-20)). Suppose -i + 2*c = -31, -6*i = -3*i + 4*c - 63. What is the highest common factor of w and i?
25
Let c be 138*((-12)/8 - -2). Suppose -17 = 4*g - c. Let r(q) = 130*q**2 - q - 1. Let f be r(-1). What is the highest common divisor of g and f?
13
Suppose -2*p + 41 = -67. Suppose -p = -2*f - b - 2*b, 3*f = 5*b + 62. What is the greatest common factor of 12 and f?
12
Let y = -826 - -118. Let l be (-4)/12 - y/18. Calculate the greatest common divisor of 195 and l.
39
Suppose -8*a = -5*a - 72. What is the highest common factor of 12 and a?
12
Suppose -5*r + 248 = 73. Suppose r = -4*o + 5*o. What is the greatest common divisor of o and 14?
7
Suppose -16*b - 3*t + 1563 = -13*b, 3*t = 5*b - 2613. Calculate the greatest common divisor of 18 and b.
18
Let m = -155 - -195. What is the greatest common divisor of 40 and m?
40
Let l be 2/6 - (-860)/12. Let i be 8 + (9 + -10)/(-1). What is the highest common divisor of i and l?
9
Let u be 2*-1 + (3 - 5). Let t be ((-6)/8)/(u/32). Let o be (-3 + (0 - -13))*(-9)/(-15). What is the greatest common factor of t and o?
6
Let k(o) = -12*o - 2. Let r be k(-3). Let t = r - 19. What is the highest common factor of t and 45?
15
Let v be (-2)/(-3) - 170/(-6). Suppose 0 = -2*l + 9*l + 2401. Let x = -227 - l. Calculate the highest common divisor of x and v.
29
Let g(z) = -10*z + 40. Let d be g(-20). Calculate the greatest common divisor of d and 60.
60
Let p be 782/23 + -1*1. Suppose 0*y + p = 11*y. What is the greatest common factor of 6 and y?
3
Suppose 0 = 2*d - 5 - 55. Calculate the greatest common factor of d and 12.
6
Let b(z) = -z - 1. Let o be b(-6). Let x(d) = d**2 + d. Let m be x(o). What is the greatest common divisor of 270 and m?
30
Let w(u) = -u**3 - 3*u**2 + 26*u + 1. Let a be w(-7). Let k = a + 7. What is the highest common divisor of 22 and k?
22
Let k(i) = 15*i**2. Let c(h) = 6*h + 12. Let t be c(-9). Let r be 12/t + 24/(-14). Let b be k(r). Calculate the greatest common divisor of b and 12.
12
Let h(x) = -x**2 - 7*x + 104. Let z be h(0). What is the greatest common divisor of 39 and z?
13
Suppose d + 3*d - 482 = o, -5*d - 4*o = -592. Let t = 8 + -2. Suppose -5*q = -t*s + 2*s + 65, 5*s + 5*q - 70 = 0. What is the highest common factor of d and s?
15
Suppose -j - 5*m - 9 = -0*m, 13 = -3*j - m. Let g(f) = -32*f. Let h be g(j). What is the greatest common divisor of h and 16?
16
Let c = 695 - -85. What is the highest common divisor of c and 180?
60
Let y be ((-67)/(-3))/((-12)/36). Let m = 144 + y. What is the highest common factor of 7 and m?
7
Let u(f) = 2*f + 64. Let h be u(-10). Calculate the greatest common divisor of h and 561.
11
Let r = 1 + 6. Let h(t) = 2*t**3 - 11*t**2 + 6*t + 9. Let f be h(r). Suppose 9*w - f = 6*w. What is the highest common factor of w and 6?
6
Let x = -1 - -67. Let i = x - 116. Let n = i + 86. Calculate the greatest common divisor of 9 and